 composite number?
False
Is 2845559 composite?
True
Is 3701983 a prime number?
True
Is 31012582 a prime number?
False
Is 12110263 a composite number?
True
Is 3326146 composite?
True
Is 82336165 prime?
False
Is 17364367 a composite number?
False
Is 4590879 composite?
True
Is 398569831 a prime number?
False
Is 83983 a composite number?
False
Is 858547969 composite?
False
Is 76364027 prime?
False
Is 4124193 a composite number?
True
Is 642197 composite?
False
Is 306856174 prime?
False
Is 1956391 composite?
False
Is 13835461 prime?
True
Is 388011257 a prime number?
True
Is 18197099 prime?
True
Is 117198371 prime?
True
Is 1708283 a prime number?
True
Is 53925043 composite?
False
Is 53405201 composite?
False
Is 37151459 a prime number?
True
Is 1594103 prime?
False
Is 20258969 composite?
False
Is 6273101 prime?
True
Is 91125509 a composite number?
False
Is 51322198 a prime number?
False
Is 837827 prime?
False
Is 424757 composite?
False
Is 198693319 a prime number?
False
Is 29396039 composite?
False
Is 180521429 a composite number?
True
Is 254464021 composite?
True
Is 395891 prime?
True
Is 1715771 a prime number?
True
Is 3412306 prime?
False
Is 3438349 a composite number?
False
Is 819029 a composite number?
False
Is 26028539 composite?
False
Is 22085507 prime?
False
Is 47621551 a composite number?
False
Is 471241 prime?
True
Is 9708187 a composite number?
False
Is 113911069 a composite number?
True
Is 90229045 a composite number?
True
Is 13497559 a composite number?
False
Is 185359 a composite number?
False
Is 13005983 prime?
False
Is 1264597 a composite number?
False
Is 9349993 a composite number?
False
Is 3641987 a composite number?
False
Is 2452847 a prime number?
False
Is 597209 a composite number?
False
Is 382769479 prime?
True
Is 987283 a prime number?
False
Is 7382569 composite?
True
Is 1808869 prime?
True
Is 1921573 prime?
True
Is 14201479 a composite number?
True
Is 99018859 a composite number?
True
Is 1098367 a composite number?
True
Is 78133467 prime?
False
Is 5069443 composite?
True
Is 86919683 a prime number?
False
Is 4416589 a prime number?
True
Is 20261861 a prime number?
True
Is 5429129 a prime number?
True
Is 84656157 prime?
False
Is 161680751 prime?
False
Is 23731181 a prime number?
True
Is 14444863 composite?
False
Is 24852199 a composite number?
False
Is 6519791 prime?
False
Is 3234469 prime?
False
Is 177005857 a composite number?
True
Is 1108837 composite?
True
Is 49411097 prime?
True
Is 581420239 composite?
True
Is 20322119 composite?
False
Is 20751077 a prime number?
True
Is 6589007 a composite number?
True
Is 1709857 prime?
False
Is 234217805 a prime number?
False
Is 63526319 composite?
True
Is 181882297 prime?
False
Is 1268837 a prime number?
False
Is 14134415 composite?
True
Is 77975851 prime?
False
Is 17178739 prime?
True
Is 48147203 composite?
True
Is 5867449 composite?
True
Is 990041 composite?
True
Is 5641117 prime?
False
Is 80933317 composite?
False
Is 111012665 a prime number?
False
Is 5255233 a composite number?
False
Is 5402767 a composite number?
True
Is 108022513 prime?
False
Is 1613173255 a composite number?
True
Is 16395583 composite?
True
Is 105855433 a prime number?
True
Is 3078461 prime?
False
Is 32231483 prime?
True
Is 1397951 composite?
False
Is 51853511 a composite number?
True
Is 7848655 a composite number?
True
Is 6987011 a composite number?
True
Is 5184103 prime?
True
Is 2569141 a prime number?
False
Is 89983837 prime?
False
Is 570461 a prime number?
True
Is 60114913 a composite number?
False
Is 18325051 prime?
False
Is 324857609 composite?
False
Is 939859 a composite number?
True
Is 134933297 a prime number?
False
Is 84127591 prime?
True
Is 30565631 prime?
False
Is 7845473 a prime number?
False
Is 5900737 a prime number?
False
Is 80672219 a composite number?
False
Is 107756807 composite?
False
Is 63137618 a prime number?
False
Is 85236973 composite?
False
Is 91367669 composite?
False
Is 1619459 a prime number?
False
Is 66873481 a composite number?
False
Is 26968829 composite?
False
Is 243440311 a composite number?
False
Is 330293377 prime?
False
Is 33940105 composite?
True
Is 54478133 a composite number?
False
Is 35767741 a prime number?
False
Is 31437103 a composite number?
False
Is 224192737 composite?
True
Is 797809 composite?
True
Is 2889829 prime?
True
Is 5794619 prime?
False
Is 8372987 a composite number?
True
Is 3936869 a prime number?
True
Is 41954719 a prime number?
True
Is 51262417 a prime number?
True
Is 8544241 a composite number?
True
Is 15446923 a prime number?
True
Is 247975411 prime?
True
Is 75333289 a prime number?
True
Is 49022947 composite?
True
Is 1108051 composite?
True
Is 2211959 composite?
True
Is 10217399 a prime number?
False
Is 6554813 a prime number?
True
Is 493793 a composite number?
False
Is 11198621 a composite number?
True
Is 11357341 prime?
True
Is 10752179 a composite number?
True
Is 59275241 a composite number?
False
Is 10835203 a composite number?
True
Is 113561183 prime?
True
Is 61637 a composite number?
False
Is 17642446 a composite number?
True
Is 43760747 a composite number?
True
Is 12067697 composite?
False
Is 87018229 prime?
False
Is 1248014 a prime number?
False
Is 834443 prime?
False
Is 146797397 a prime number?
False
Is 5625857 composite?
False
Is 6151181 a prime number?
True
Is 4752731 a prime number?
True
Is 1544479 a composite number?
False
Is 256667701 composite?
False
Is 1045512049 prime?
False
Is 2437943 a prime number?
False
Is 390851 a composite number?
False
Is 1151113 prime?
True
Is 2130481 prime?
False
Is 863801 prime?
True
Is 5489467 a composite number?
True
Is 64756943 a prime number?
True
Is 28069 composite?
False
Is 3706727 prime?
False
Is 6303151 a prime number?
True
Is 7899343 a composite number?
False
Is 7543241 a composite number?
True
Is 3538209 a prime number?
False
Is 2128879 prime?
False
Is 305824693 prime?
True
Is 1990753 a prime number?
True
Is 18258109 composite?
False
Is 12083378 prime?
False
Is 6286849 a prime number?
True
Is 1945297 prime?
True
Is 12169869 a prime number?
False
Is 563239 prime?
False
Is 76079 a prime number?
True
Is 100610171 prime?
True
Is 66038767 composite?
False
Is 37428663 composite?
True
Is 563201231 composite?
True
Is 93135539 a prime number?
False
Is 687222007 composite?
False
Is 103732067 a prime number?
True
Is 362090627 composite?
False
Is 50845187 composite?
False
Is 67737509 a composite number?
True
Is 2570563 a composite number?
False
Is 17264491 a composite number?
True
Is 3485477 a prime number?
True
Is 76381 composite?
True
Is 4404415 a prime number?
False
Is 259074241 a prime number?
True
Is 85189477 prime?
False
Is 785201 prime?
False
Is 290987143 a composite number?
False
Is 70051 a composite number?
False
Is 172431263 prime?
False
Is 26276617 a prime number?
True
Is 4920379 a prime number?
True
Is 106163879 a prime number?
True
Is 10506757 a prime number?
True
Is 9867521 a composite number?
False
Is 61192591 a prime number?
True
Is 2236111 composite?
False
Is 1551859 composite?
False
Is 171455171 a composite number?
False
Is 973451 prime?
False
Is 59398033 a prime number?
True
Is 36111113 composite?
False
Is 35138903 a composite number?
True
Is 468254159 a composite number?
True
Is 647274611 a prime number?
True
Is 257365 a composite number?
True
Is 1432351 a composite number?
False
Is 8178109 a composite number?
False
Is 50120449 a composite number?
True
Is 426291409 composite?
True
Is 669462307 prime?
True
Is 7351261 a composite number?
False
Is 216267733 a prime number?
False
Is 534043 a prime number?
True
Is 153953081 composite?
True
Is 1344487 prime?
True
Is 7982893 a composite number?
False
Is 3001811 a prime number?
True
Is 12546469 a composite number?
True
Is 10133269 a composite number?
False
Is 70806539 a composite number?
False
Is 202560319 prime?
False
Is 117045077 a composite number?
False
Is 67464767 prime?
False
Is 537661 prime?
True
Is 3144689 composite?
False
Is 3996167 prime?
False
Is 706493 prime?
False
Is 42512669 prime?
False
Is 8786513 a composite number?
False
Is 102840043 prime?
False
Is 12760807 prime?
False
Is 242989661 a composite number?
True
Is 11093482 a composite number?
True
Is 5256557 a prime number?
False
Is 66320101 a composite number?
False
Is 348944119 a 